{"id":518,"date":"2025-03-02T14:04:07","date_gmt":"2025-03-02T14:04:07","guid":{"rendered":"https:\/\/mamacollection.net\/?post_type=product&#038;p=518"},"modified":"2025-05-03T02:05:14","modified_gmt":"2025-05-03T02:05:14","slug":"gotita-de-amor","status":"publish","type":"product","link":"https:\/\/mamacollection.net\/index.php\/producto\/gotita-de-amor\/","title":{"rendered":"Franela &#8211; Gota de Amor"},"content":{"rendered":"<p>Dise\u00f1o estampado de bolsillo<br \/>\ncon colores pasteles para<br \/>\nque cada gota de amor sea<br \/>\nun momento \u00fanico.<\/p>\n<p>Nota: Una de las caracter\u00edsticas clave de nuestras prendas es el cierre estrat\u00e9gico para lactar, dise\u00f1ado para ofrecerte comodidad y discreci\u00f3n cuando tu beb\u00e9 necesita alimentarse.<\/p>\n","protected":false},"excerpt":{"rendered":"<p>Franela<\/p>\n<p>80% Algod\u00f3n<br \/>\n20% Licra<\/p>\n<p><strong>\u00a1Descubre el cierre revolucionario de nuestra franela en 20 segundos! \ud83d\udc55 \u25b6\ufe0f\u00a0<\/strong><\/p>\n<p><a href=\"https:\/\/mamacollection.net\/index.php\/sistema-de-cierre\/\"><strong>[Ver video AHORA]<\/strong><\/a><\/p>\n","protected":false},"featured_media":1772,"comment_status":"open","ping_status":"closed","template":"","meta":[],"product_brand":[],"product_cat":[20],"product_tag":[27,22,26],"class_list":{"0":"post-518","1":"product","2":"type-product","3":"status-publish","4":"has-post-thumbnail","6":"product_cat-estampado","7":"product_tag-amor","8":"product_tag-franela","9":"product_tag-gotita","10":"pa_color-beige","11":"pa_color-blanco","12":"pa_color-gris","13":"pa_color-lila","14":"pa_color-menta","15":"pa_color-salmon","16":"pa_color-verde","17":"pa_talla-l","18":"pa_talla-m","19":"pa_talla-s","21":"first","22":"instock","23":"shipping-taxable","24":"purchasable","25":"product-type-variable"},"jetpack_sharing_enabled":true,"_links":{"self":[{"href":"https:\/\/mamacollection.net\/index.php\/wp-json\/wp\/v2\/product\/518","targetHints":{"allow":["GET"]}}],"collection":[{"href":"https:\/\/mamacollection.net\/index.php\/wp-json\/wp\/v2\/product"}],"about":[{"href":"https:\/\/mamacollection.net\/index.php\/wp-json\/wp\/v2\/types\/product"}],"replies":[{"embeddable":true,"href":"https:\/\/mamacollection.net\/index.php\/wp-json\/wp\/v2\/comments?post=518"}],"wp:featuredmedia":[{"embeddable":true,"href":"https:\/\/mamacollection.net\/index.php\/wp-json\/wp\/v2\/media\/1772"}],"wp:attachment":[{"href":"https:\/\/mamacollection.net\/index.php\/wp-json\/wp\/v2\/media?parent=518"}],"wp:term":[{"taxonomy":"product_brand","embeddable":true,"href":"https:\/\/mamacollection.net\/index.php\/wp-json\/wp\/v2\/product_brand?post=518"},{"taxonomy":"product_cat","embeddable":true,"href":"https:\/\/mamacollection.net\/index.php\/wp-json\/wp\/v2\/product_cat?post=518"},{"taxonomy":"product_tag","embeddable":true,"href":"https:\/\/mamacollection.net\/index.php\/wp-json\/wp\/v2\/product_tag?post=518"}],"curies":[{"name":"wp","href":"https:\/\/api.w.org\/{rel}","templated":true}]}}